me number?
True
Is 85281439 a prime number?
False
Is 54456673 a prime number?
False
Is 10293247 composite?
False
Is 134179699 a prime number?
True
Is 418432319 prime?
True
Is 302174653 composite?
True
Is 5645665 a composite number?
True
Is 261254797 prime?
False
Is 1960093 a composite number?
False
Is 19398733 composite?
True
Is 6871661 a composite number?
False
Is 4922441 a prime number?
True
Is 34613543 a prime number?
True
Is 72989 a prime number?
False
Is 5632687 a prime number?
True
Is 346565267 composite?
False
Is 22927327 prime?
True
Is 132538337 composite?
False
Is 746665 composite?
True
Is 1631281 prime?
False
Is 2084389 prime?
True
Is 1654649 a prime number?
True
Is 3525727 a prime number?
True
Is 463633403 prime?
False
Is 111998477 a composite number?
True
Is 10548514 a prime number?
False
Is 3367487 prime?
False
Is 9889142 a prime number?
False
Is 12300979 prime?
False
Is 3766663 prime?
True
Is 95052047 a composite number?
False
Is 1337582 a composite number?
True
Is 78018071 a prime number?
False
Is 10627987 composite?
True
Is 7610563 prime?
True
Is 8088611 composite?
False
Is 3243727 a composite number?
False
Is 942479 a prime number?
True
Is 420834347 composite?
False
Is 109676837 composite?
False
Is 30982443 composite?
True
Is 143890855 prime?
False
Is 2467187 a prime number?
False
Is 100394057 prime?
False
Is 345057215 a prime number?
False
Is 8504203 a prime number?
True
Is 129878257 a composite number?
True
Is 24113263 composite?
False
Is 58813201 a prime number?
False
Is 62818073 a prime number?
False
Is 532699445 a composite number?
True
Is 95298743 a composite number?
True
Is 1220399 a composite number?
True
Is 1439583 a composite number?
True
Is 12067189 a prime number?
False
Is 181723249 a prime number?
True
Is 4491401 a prime number?
True
Is 890151733 composite?
True
Is 226248809 prime?
True
Is 28377073 a prime number?
False
Is 9302939 prime?
False
Is 82953317 composite?
False
Is 3648347 a composite number?
True
Is 7942121 a composite number?
True
Is 29208731 a composite number?
False
Is 1514951 a prime number?
False
Is 33687331 composite?
False
Is 1365159 composite?
True
Is 28795037 composite?
False
Is 190437409 a composite number?
True
Is 618653 a prime number?
False
Is 1052719 a prime number?
True
Is 29407043 composite?
False
Is 177946474 composite?
True
Is 805851719 a composite number?
True
Is 70474031 composite?
True
Is 7420801 a prime number?
True
Is 15881591 prime?
False
Is 4746409 a composite number?
True
Is 86820431 composite?
False
Is 94521859 composite?
False
Is 16831901 prime?
True
Is 1742443 a composite number?
False
Is 1418402 composite?
True
Is 1038176813 prime?
True
Is 776873 prime?
False
Is 117613217 a prime number?
True
Is 10306859 a composite number?
False
Is 10660281 a prime number?
False
Is 7667747 a composite number?
False
Is 220435 a composite number?
True
Is 39220021 a prime number?
True
Is 100515971 a prime number?
True
Is 24396469 composite?
True
Is 28813651 a prime number?
False
Is 78509273 a prime number?
False
Is 5105951 composite?
False
Is 2594909 a prime number?
True
Is 459167 composite?
False
Is 7963141 a prime number?
True
Is 3425237 composite?
True
Is 72579293 composite?
False
Is 56447 composite?
True
Is 282767 composite?
False
Is 2759599 a prime number?
True
Is 4167979 prime?
True
Is 215637 a prime number?
False
Is 89749531 a prime number?
False
Is 337768759 composite?
True
Is 13343977 a prime number?
True
Is 66535363 prime?
True
Is 2726059 a composite number?
True
Is 50035387 a prime number?
True
Is 175969 a composite number?
True
Is 2554063 composite?
True
Is 48385 a prime number?
False
Is 83952421 a prime number?
False
Is 5227 composite?
False
Is 560753 a composite number?
False
Is 3112223 a prime number?
False
Is 2697473 a prime number?
False
Is 362581 prime?
True
Is 22177478 prime?
False
Is 73376603 composite?
False
Is 183246857 prime?
False
Is 1854482843 a composite number?
False
Is 18400237 a composite number?
False
Is 126262873 prime?
False
Is 821071 prime?
False
Is 304197 a prime number?
False
Is 77683921 composite?
True
Is 122747309 a composite number?
True
Is 291376129 composite?
True
Is 62390507 prime?
False
Is 57793357 a prime number?
True
Is 11412853 composite?
True
Is 17705983 a prime number?
True
Is 11914813 composite?
False
Is 5925497 composite?
False
Is 383372813 prime?
False
Is 17728895 a composite number?
True
Is 6645167 a prime number?
False
Is 11788589 a composite number?
False
Is 214397 composite?
True
Is 16021471 prime?
False
Is 50510513 composite?
True
Is 4172713 a prime number?
False
Is 299987497 a prime number?
False
Is 4692469 prime?
True
Is 32749877 composite?
False
Is 1072639 prime?
False
Is 2606119 a prime number?
False
Is 632297 composite?
False
Is 312937673 a composite number?
False
Is 7384829 a prime number?
False
Is 12031891 a composite number?
False
Is 1555553 composite?
False
Is 14906207 prime?
False
Is 29369339 prime?
True
Is 45874091 a composite number?
False
Is 48053777 composite?
False
Is 303001003 composite?
False
Is 10152803 a prime number?
True
Is 202153 a composite number?
True
Is 75165887 a prime number?
True
Is 8460241 prime?
False
Is 112955111 a prime number?
True
Is 61839853 prime?
True
Is 15800809 a composite number?
False
Is 6716539 prime?
True
Is 73633481 prime?
False
Is 96839 a prime number?
False
Is 19748867 a prime number?
True
Is 779791 prime?
True
Is 1260143 a prime number?
True
Is 205934723 prime?
False
Is 4236563 a prime number?
False
Is 32615591 prime?
True
Is 57105701 composite?
False
Is 20404547 composite?
False
Is 16456579 composite?
False
Is 5785141 prime?
False
Is 54210253 a prime number?
True
Is 37332553 composite?
False
Is 18758527 prime?
True
Is 739961717 a composite number?
True
Is 4373617 a composite number?
False
Is 13582339 a prime number?
False
Is 223489451 prime?
True
Is 2654107 composite?
False
Is 4287755 prime?
False
Is 2457131 prime?
False
Is 19063049 a prime number?
False
Is 11343581 composite?
False
Is 10341553 prime?
False
Is 83658013 prime?
True
Is 19968989 prime?
True
Is 19997441 composite?
False
Is 46314167 composite?
True
Is 1896163 a composite number?
True
Is 205887889 composite?
False
Is 2460137 prime?
True
Is 4382041 a prime number?
True
Is 87078671 prime?
False
Is 1837543 a composite number?
True
Is 324469 a prime number?
True
Is 10286027 a prime number?
True
Is 1778899 prime?
True
Is 2803399 a prime number?
True
Is 63787067 prime?
False
Is 32869 a composite number?
False
Is 83658209 a composite number?
False
Is 8960669 a prime number?
True
Is 4565767 a composite number?
True
Is 61161401 a composite number?
True
Is 4046209 a prime number?
False
Is 29758601 prime?
True
Is 569567 a prime number?
False
Is 2293699 a prime number?
False
Is 97741 a composite number?
True
Is 3556367 a composite number?
False
Is 12843377 a composite number?
False
Is 1177201 prime?
True
Is 1764839 a composite number?
False
Is 35556431 prime?
False
Is 4189615 a composite number?
True
Is 87411689 composite?
False
Is 32813167 a prime number?
True
Is 14487331 prime?
False
Is 323593203 composite?
True
Is 23321443 a composite number?
False
Is 4775969 composite?
True
Is 14530829 a composite number?
True
Is 768445 prime?
False
Is 236170423 a prime number?
True
Is 4563127 composite?
False
Is 211892273 a composite number?
False
Is 24532139 a prime number?
False
Is 1759129 a composite number?
False
Is 7352369 prime?
True
Is 1813402 a prime number?
False
Is 4253797 a prime number?
False
Is 39706201 prime?
True
Is 5687183 composite?
True
Is 9701 a composite number?
True
Is 18851909 a composite number?
False
Is 176123 composite?
False
Is 2294323 prime?
False
Is 15767357 prime?
True
Is 139187239 a composite number?
True
Is 8598307 composite?
False
Is 553190017 prime?
True
Is 236426077 a composite number?
False
Is 13865717 a composite number?
True
Is 336755597 a composite number?
False
Is 8805385 prime?
False
Is 121559233 composite?
True
Is 17134349 composite?
False
Is 12565379 prime?
True
Is 721916669 a composite number?
False
Is 22548791 prime?
True
Is 9109 a composite number?
False
Is 1422367 composite?
False
Is 11298515 prime?
False
Is 3847283 a prime number?
False
Is 6649723 a composite number?
False
Is 1517191 prime?
False
Is 10